base 7
2101424
Convert 1001010011110110 (base 2) to base 10.
38134
What is -222432244 (base 5) in base 4?
-3300012121
-244243100 (base 5) to base 9
-2165558
What is -12005220 (base 6) in base 12?
-160810
What is 3525450 (base 6) in base 5?
21321234
Convert -11544 (base 6) to base 7.
-5005
237140 (base 9) to base 12
6a909
Convert -66852a (base 11) to base 4.
-10010013131
What is 84370 (base 15) in base 9?
708126
Convert -35810c (base 14) to base 5.
-431441322
-32211624 (base 7) to base 2
-1010011101100101000101
Convert 11005052 (base 6) to base 4.
1100000120
What is -3b4aac (base 16) in base 4?
-32310222230
122210 (base 8) to base 12
20460
Convert -132245 (base 9) to base 5.
-10033033
What is -13514004 (base 7) in base 15?
-19e91c
What is -1113113402 (base 5) in base 8?
-11336021
-889743 (base 13) to base 14
-5db5ab
-163657 (base 11) to base 13
-8b609
What is 93b2b1 (base 14) in base 11?
28a6397
What is -5172276 (base 8) in base 4?
-11033102332
What is 310da (base 14) in base 8?
346650
Convert 255763 (base 9) to base 3.
21212212010
Convert 25458338 (base 9) to base 13.
2787a22
69a86 (base 11) to base 3
12010201112
435121 (base 6) to base 9
54484
Convert 2c82f0 (base 16) to base 8.
13101360
-10010001010001001001 (base 2) to base 5
-123020032
What is -1111000011011100010001 (base 2) in base 6?
-220325413
Convert 167a973 (base 11) to base 12.
b58129
Convert -1314750 (base 10) to base 16.
-140fbe
18239 (base 12) to base 15
a513
What is -11010100011100011100 (base 2) in base 13?
-2460c4
What is -369066 (base 12) in base 4?
-3120130032
What is -1338 (base 14) in base 11?
-25a5
-51562 (base 12) to base 9
-171612
What is -122bab (base 15) in base 5?
-210320021
Convert aab139 (base 16) to base 4.
222223010321
-206716 (base 13) to base 12
-30608a
Convert -303010124 (base 5) to base 4.
-10221231112
Convert 933c3 (base 13) to base 9.
442503
-23735 (base 9) to base 16
-3e24
What is -160453 (base 7) in base 6?
-401331
Convert -10412101 (base 5) to base 8.
-262606
-66167 (base 11) to base 16
-1771a
What is 3a8 (base 12) in base 10?
560
What is -1510340 (base 6) in base 8?
-251664
27e611 (base 15) to base 4
13111023031
Convert -11232467 (base 8) to base 15.
-33278a
Convert c9740 (base 13) to base 11.
229313
Convert -21150456 (base 7) to base 14.
-3499d6
What is 112320330 (base 4) in base 2?
10110111000111100
Convert -5333605 (base 8) to base 3.
-2200022022111
-38588 (base 12) to base 4
-102300320
11100000100101011110 (base 2) to base 12
384426
What is -c57a6 (base 14) in base 9?
-805234
What is 98228 (base 10) in base 15?
1e188
1446a (base 12) to base 3
1102211101
Convert 165110546 (base 7) to base 11.
6428245
What is -3244444 (base 6) in base 10?
-161740
What is -2325a30 (base 12) in base 6?
-401034500
Convert -42324342 (base 5) to base 15.
-7029c
What is 237607 (base 8) in base 9?
134177
Convert 13dd (base 16) to base 12.
2b39
What is -1dc73 (base 16) in base 15?
-26216
-e554 (base 15) to base 2
-1011110101000110
What is -202210120200 (base 3) in base 8?
-1437460
-340706 (base 8) to base 14
-2dd66
Convert 10220442 (base 6) to base 16.
48d0a
Convert -1c0c3 (base 15) to base 14.
-253c0
-101022111003 (base 4) to base 15
-5dce70
111020122100 (base 3) to base 13
91896
-110ba5 (base 15) to base 6
-25230102
Convert 244133133 (base 5) to base 15.
17e2e8
What is -66caa (base 13) in base 7?
-1405235
What is 12f33d (base 16) in base 14?
244845
Convert -11025453 (base 6) to base 3.
-121210021120
Convert 1659e (base 15) to base 5.
4302044
Convert 7d10 (base 15) to base 11.
18a60
-43856 (base 11) to base 4
-33201202
-652d9 (base 14) to base 10
-244799
Convert -77375 (base 11) to base 8.
-333171
What is 255004 (base 10) in base 5?
31130004
-2110103101 (base 4) to base 10
-607441
1010440 (base 6) to base 5
3014440
Convert -1111001100010110110 (base 2) to base 11.
-310048
Convert -29274 (base 12) to base 14.
-16cc0
What is 647940 (base 15) in base 4?
102100011030
What is 30024 (base 14) in base 15?
24255
What is 13763 (base 8) in base 13?
2a38
What is -4075923 (base 10) in base 8?
-17430623
What is -72274 (base 10) in base 15?
-16634
1dbba (base 14) to base 4
102221320
What is -124151235 (base 6) in base 11?
-141779a
What is 10101000200110 (base 3) in base 4?
12311122203
Convert 225431 (base 12) to base 16.
85e25
-11211212121111 (base 3) to base 15
-35d3d7
What is 10001000111010011111 (base 2) in base 8?
2107237
What is 8550d (base 14) in base 16?
4e9f9
What is -dbc40 (base 14) in base 8?
-2017040
-4a6272 (base 13) to base 5
-424100040
What is -33425423 (base 6) in base 16?
-f7bb7
Convert -1000001101010010010 (base 2) to base 9.
-448828
Convert -32426165 (base 7) to base 13.
-764549
-5453116 (base 7) to base 16
-a3399
-40132 (base 12) to base 11
-574aa
-30d9da (base 15) to base 5
-1043333410
-12aa9 (base 12) to base 15
-7976
What is -532014304 (base 6) in base 4?
-203212223200
2964281 (base 11) to base 13
1091021
What is -2121311213 (base 4) in base 3?
-1012000100202
What is 211000220212 (base 3) in base 12?
18ab95
What is 16b56e (base 15) in base 3?
2001221221112
Convert 402352501 (base 6) to base 5.
3222422242
Convert d4682a (base 15) to base 16.
9a0f51
Convert 30b1bb (base 13) to base 12.
46a941
4a5315 (base 12) to base 13
335738
What is -23330121 (base 4) in base 6?
-1014253
What is -221021120 (base 4) in base 15?
-34e0b
What is -6e0c3 (base 16) in base 4?
-1232003003
What is -1010022022 (base 3) in base 9?
-33268
Convert -204323034 (base 5) to base 12.
-3527a9
What is 2032101424 (base 5) in base 12?
1494287
What is 10221121221011 (base 3) in base 16?
200635
What is 13081 (base 12) in base 3?
1022200121
2960 (base 10) to base 12
1868
Convert -3233163 (base 7) to base 4.
-1200122013
What is -7b5e0 (base 16) in base 2?
-1111011010111100000
61744 (base 16) to base 8
1413504
What is -34218b (base 13) in base 9?
-2278068
Convert -216727 (base 15) to base 9.
-2884681
-47ac7 (base 13) to base 6
-2452404
What is -79181b (base 14) in base 2?
-1111101100100110100001
Convert -333043 (base 5) to base 14.
-4360
What is -33525403 (base 7) in base 10?
-2914327
-200000222112100 (base 3) to base 11
-5457620
-111500445 (base 6) to base 13
-567c1a
What is 311955 (base 11) in base 16?
7a232
Convert -111021221000002 (base 3) to base 5.
-3302032431
-2247d (base 14) to base 11
-57580
Convert 10111210102 (base 3) to base 2.
10000110111110000
What is -23140342 (base 5) in base 10?
-208847
Convert 21032213 (base 6) to base 8.
2251161
What is 1010011000011000101 (base 2) in base 15?
6abca
-2466470 (base 8) to base 11
-427430
What is -8091d (base 14) in base 7?
-2425136
Convert -805667 (base 10) to base 4.
-3010230203
Convert -231130220 (base 4) to base 15.
-3a252
What is 246063551 (base 7) in base 11?
8858528
21222120010 (base 3) to base 8
462727
Convert 3100211320 (base 5) to base 16.
5f79bd
What is -1c20c8 (base 13) in base 4?
-2233123313
101110112111120 (base 3) to base 12
1a42336
4673077 (base 8) to base 3
2101210121002
-68c0c (base 13) to base 4
-232220012
What is -201112012 (base 4) in base 16?
-21586
-100100110110111101011 (base 2) to base 6
-41515335
What is -100001001000100110000 (base 2) in base 15?
-166a7e
100001111011001001 (base 2) to base 16
21ec9
Convert -32302465 (base 7) to base 9.
-5162241
What is -a324 (base 16) in base 10?
-41764
What is -7484254 (base 10) in base 14?
-dcb6d8
-134326 (base 9) to base 6
-1431123
Convert -111311130 (base 4) to base 7.
-521514
-1b1778 (base 15) to base 3
-2111010111112
-53b9dd (base 15) to base 5
-2010104413
What is -691b09 (base 14) in base 2?
-1101101001011011111101
What is -10a49 (base 11) in base 9?
-23731
Convert -871238 (base 10) to base 8.
-3245506
-501793 (base 10) to base 3
-221111022221
What is 43df8 (base 16) in base 14?
7345a
-4b009 (base 13) to base 2
-100001110010110100
Convert 11001001000110100100101 (base 2) to base 13.
1499567
What is -3b366 (base 14) in base 8?
-435276
Convert c3c37 (base 16) to base 9.
1451831
Convert -1024312231 (base 5) to base 10.
-2182191
-23233011010 (base 4) to base 9
-5708044
134350 (base 8) to base 7
255002
What is -12130013223 (base 4) in base 16?
-19c1eb
What is -1034fd (base 16) in base 7?
-12012423
Convert -32165652 (base 7) to base 4.
-22130233302
-269163 (base 10) to base 11
-174254
What is -4